84003 prime?
True
Is 1409713 composite?
False
Is 14809 composite?
True
Is 2962 composite?
True
Is 4283 composite?
False
Is 54617 composite?
False
Is 83459 prime?
True
Is 2705 composite?
True
Is 2507177 a composite number?
True
Is 492023 a prime number?
False
Is 121297 a prime number?
False
Is 23977 a composite number?
False
Is 17231 prime?
True
Is 8023 a composite number?
True
Is 8663 a composite number?
False
Is 214589 a prime number?
True
Is 203051 prime?
True
Is 1229227 composite?
False
Is 243929 composite?
True
Is 20471 a composite number?
True
Is 5953 prime?
True
Is 757 prime?
True
Is 112813 composite?
True
Is 382883 prime?
True
Is 29201 a composite number?
False
Is 72717 a composite number?
True
Is 25667 a prime number?
True
Is 268327 a prime number?
False
Is 44003 prime?
False
Is 1856191 a prime number?
True
Is 69061 a prime number?
True
Is 5069 a composite number?
True
Is 27131 prime?
False
Is 511439 a composite number?
False
Is 171811 a prime number?
True
Is 1019973 a composite number?
True
Is 149453 a composite number?
True
Is 1012745 a prime number?
False
Is 85973 composite?
True
Is 245031 prime?
False
Is 131203 a prime number?
True
Is 76645 a prime number?
False
Is 9491 a prime number?
True
Is 19631 a prime number?
False
Is 5205101 prime?
False
Is 7009 composite?
True
Is 2609 composite?
False
Is 290929 a composite number?
True
Is 1739741 a prime number?
True
Is 300997 prime?
True
Is 1108015 composite?
True
Is 8209 a prime number?
True
Is 413951 composite?
False
Is 6143 a composite number?
False
Is 869963 a composite number?
True
Is 25219 composite?
False
Is 15901 prime?
True
Is 14255 prime?
False
Is 27349 composite?
True
Is 358942 prime?
False
Is 2939 a composite number?
False
Is 215177 composite?
True
Is 41809 a prime number?
True
Is 14617 a composite number?
True
Is 4069421 composite?
False
Is 260527 a prime number?
True
Is 449 a prime number?
True
Is 186785 prime?
False
Is 53267 a composite number?
False
Is 3389 prime?
True
Is 3466 composite?
True
Is 109 composite?
False
Is 346501 prime?
True
Is 295513 a composite number?
False
Is 4861 a composite number?
False
Is 20395 a prime number?
False
Is 26339 a prime number?
True
Is 260647 composite?
False
Is 1693883 a composite number?
False
Is 5141 composite?
True
Is 19661 composite?
False
Is 26259 composite?
True
Is 29201 a prime number?
True
Is 772021 a composite number?
True
Is 223693 prime?
False
Is 233083 a composite number?
False
Is 209369 composite?
True
Is 43315 prime?
False
Is 1361 prime?
True
Is 205669 composite?
True
Is 33185 a prime number?
False
Is 18799 prime?
False
Is 26237 composite?
False
Is 36095 a composite number?
True
Is 63179 a composite number?
False
Is 28081 a composite number?
False
Is 54737 composite?
True
Is 13738 a composite number?
True
Is 66797 prime?
True
Is 8719 a composite number?
False
Is 30529 composite?
False
Is 96146 prime?
False
Is 73357 a composite number?
True
Is 778339 a prime number?
False
Is 8039 a prime number?
True
Is 5581 a composite number?
False
Is 1397857 a prime number?
True
Is 7835 a composite number?
True
Is 245459 prime?
False
Is 117853 composite?
True
Is 40217 a prime number?
False
Is 3989 a prime number?
True
Is 35201 composite?
False
Is 247141 a composite number?
False
Is 33819 a prime number?
False
Is 39481 composite?
True
Is 33529 prime?
True
Is 8573 composite?
False
Is 7387 a composite number?
True
Is 16789 a composite number?
True
Is 239929 composite?
False
Is 31007 a composite number?
True
Is 24191 a composite number?
True
Is 218357 a composite number?
False
Is 1249057 prime?
True
Is 32909 composite?
False
Is 502297 composite?
True
Is 119345 a composite number?
True
Is 457 a prime number?
True
Is 4271 a composite number?
False
Is 6761 a composite number?
False
Is 26087 composite?
True
Is 11566 composite?
True
Is 17521 prime?
False
Is 9587 a prime number?
True
Is 11171 a prime number?
True
Is 165479 a composite number?
False
Is 51703 composite?
True
Is 30427 prime?
True
Is 546821 a composite number?
True
Is 35141 a prime number?
True
Is 1806137 composite?
False
Is 13901 prime?
True
Is 24611 prime?
True
Is 17279 prime?
False
Is 5213 a prime number?
False
Is 56517 a composite number?
True
Is 111647 a prime number?
False
Is 2837 a composite number?
False
Is 84374 composite?
True
Is 4435 composite?
True
Is 152597 composite?
False
Is 188827 a prime number?
True
Is 2631 prime?
False
Is 54295 a composite number?
True
Is 115421 a prime number?
True
Is 265957 prime?
True
Is 1367 a composite number?
False
Is 76309 composite?
True
Is 1706843 a composite number?
False
Is 658759 a prime number?
False
Is 9745 a composite number?
True
Is 30047 a composite number?
False
Is 29417 prime?
False
Is 5305 a prime number?
False
Is 385334 a composite number?
True
Is 280583 prime?
True
Is 221393 a prime number?
True
Is 129182 a prime number?
False
Is 2731 a prime number?
True
Is 6858139 prime?
True
Is 41639 a composite number?
True
Is 558611 a prime number?
True
Is 92867 composite?
False
Is 7499 a prime number?
True
Is 5729 a prime number?
False
Is 97837 composite?
True
Is 202441 prime?
True
Is 51323 a prime number?
False
Is 309129 prime?
False
Is 3043 composite?
True
Is 282661 prime?
True
Is 265823 a prime number?
False
Is 53473 a composite number?
True
Is 29461 a prime number?
False
Is 4561 a prime number?
True
Is 9865 composite?
True
Is 7837 a prime number?
False
Is 97259 a prime number?
True
Is 3419 a composite number?
True
Is 1969 a prime number?
False
Is 2419229 a prime number?
True
Is 98347 composite?
False
Is 523793 composite?
False
Is 8561 a composite number?
True
Is 1242569 composite?
False
Is 907 a composite number?
False
Is 194083 prime?
True
Is 124513 a prime number?
True
Is 2692003 a composite number?
False
Is 26747 composite?
True
Is 2168423 a prime number?
False
Is 108863 a prime number?
True
Is 265117 a composite number?
False
Is 3580111 composite?
True
Is 469579 prime?
False
Is 28091 prime?
False
Is 733 composite?
False
Is 141506 composite?
True
Is 49145 prime?
False
Is 38149 a composite number?
False
Is 2833 prime?
True
Is 101921 a prime number?
True
Is 726071 prime?
True
Is 211403 composite?
False
Is 566 composite?
True
Is 1501303 composite?
False
Is 5045 prime?
False
Is 32363 a composite number?
False
Is 29179 a prime number?
True
Is 373967 prime?
False
Is 766187 composite?
False
Is 20849 prime?
True
Is 5077 a composite number?
False
Is 35353 prime?
True
Is 11597 prime?
True
Is 13843 composite?
True
Is 44291 a prime number?
False
Is 41161 a prime number?
True
Is 120091 prime?
True
Is 59978 a composite number?
True
Is 39413 composite?
True
Is 400351 a composite number?
True
Is 91401 composite?
True
Is 4621 composite?
False
Is 32329 composite?
True
Is 39587 a composite number?
True
Is 87463 a prime number?
False
Is 923 composite?
True
Is 6907 a prime number?
True
Is 1073 prime?
False
Is 141497 composite?
False
Is 25621 a composite number?
False
Is 42989 a composite number?
False
Is 1167 prime?
False
Is 90311 a prime number?
False
Is 77329 prime?
False
Is 913949 a composite number?
True
Is 56843 a prime number?
True
Is 9727 a composite number?
True
Is 350449 prime?
False
Is 1523 prime?
True
Is 446815 a composite number?
True
Is 426211 a prime number?
True
Is 2369 a composite number?
True
Is 141937 a composite number?
False
Is 14131 a composite number?
True
Is 74611 a prime number?
True
Is 47687 composite?
True
Is 68097 a composite number?
True
Is 11723 composite?
True
Is 5191 composite?
True
Is 65791 prime?
False
Is 2459 prime?
True
Is 1824259 composite?
False
Is 127087 prime?
False
Is 12037 a composite number?
False
Is 13957 prime?
False
Is 55543 composite?
True
Is 194573 a composite number?
True
Is 6103067 prime?
True
Is 1235597 a prime number?
False
Is 2160658 prime?
False
Is 98121 a prime number?
False
Is 13951 composite?
True
Is 78941 a prime number?
True
Is 29663 prime?
True
Is 39449 a composite number?
True
Is 3377 a prime number?
False
Is 153215 a composite number?
True
Is 242309 a composite number?
False
Is 44861 a prime number?
False
Is 14233 a prime number?
False
Is 487873 a composite number?
False
Is 2256249 a composite number?
True
Is 7393 a prime number?
True
Is 73417 a prime number?
True
Is 121 composite?
True
Is 